he greatest common factor of 37 and t?
37
Let w be 36/(-21)*(-14)/4. Suppose -h + 0*h = -3*m + 3, -2*h - w = -m. Suppose m = -0*x - 3*x + 9. What is the highest common divisor of x and 30?
3
Let a be 8/(-44) + (-92)/(-22). Suppose -3*z - 4 = 5*f, f - 2*z - z = 10. Calculate the highest common divisor of f and a.
1
Suppose 4*r + 384 = 8*r. Calculate the greatest common divisor of r and 6.
6
Suppose -60 = 5*i + a - 2*a, 0 = 2*i + a + 17. Let r = 26 + i. Calculate the highest common factor of 10 and r.
5
Suppose -q + 8 = 3*q. Let d(i) = -4*i. Let n be d(-2). Let v be (-2)/2 + -5 + n. What is the greatest common factor of q and v?
2
Let v be 5 + -3 + (0 - -1). Let w = -1 + v. Suppose -w*d = -3*f + 2*d + 121, -d + 77 = 2*f. Calculate the greatest common factor of 26 and f.
13
Let o(c) = c**3 + 12*c**2 + 12*c - 2. Let s be o(-10). What is the greatest common divisor of s and 117?
39
Suppose 12 = 4*b + 4*s, b + 18 = 6*b + 4*s. Let k(i) = 2*i**2 + i - 12. Let x be k(6). What is the highest common divisor of x and b?
6
Suppose -12 = -2*c - 2, 4*c + 130 = -2*q. Let o = -30 - q. What is the highest common factor of 30 and o?
15
Suppose 0*g = -5*g - 50. Let m = g + 15. Calculate the highest common factor of m and 35.
5
Let k(o) = o**2 - o - 4. Let m be k(4). Suppose -2*f + j = 3*f - m, -5*f + 4*j + 2 = 0. What is the highest common factor of 14 and f?
2
Suppose g = -3*j + 15, 5*j - 17 - 8 = 5*g. Calculate the highest common factor of j and 55.
5
Let f = -15 + 31. Suppose 0*w + 5*w - 4*o = 34, -5*w + 46 = -o. Let k be f*(-1 + w*1). What is the highest common divisor of 16 and k?
16
Suppose -5*t = -t - 4*d - 24, 3 = -2*t - d. Suppose p + t - 11 = 0. Calculate the highest common divisor of 10 and p.
10
Suppose -2*i + 2*u - 3*u + 20 = 0, 3*i - 30 = -u. What is the greatest common factor of i and 80?
10
Suppose -498 = -5*s - 0*p - p, 0 = -2*s - 2*p + 204. Let u = -18 + -26. Let f be u*-2*(-3)/(-24). What is the greatest common factor of f and s?
11
Let p = 4 + -5. Let d be (p/(-3))/((-2)/(-12)). Suppose y + 5*k + 2 = -2*y, 3*y - d*k = 26. What is the greatest common factor of y and 4?
2
Suppose 0 = 5*j + 6 - 41. Let a = j - -13. What is the highest common factor of 40 and a?
20
Let y be 2 + (-2 - -2) - -3. Calculate the highest common factor of y and 20.
5
Let i(t) be the first derivative of 21*t**4/4 + t**2/2 - 1. Let b be i(1). Let n(u) = 4*u - 5. Let m be n(4). Calculate the greatest common factor of b and m.
11
Suppose -118 = -2*y + v + 3*v, 0 = 3*y - 3*v - 180. Suppose 0 = 3*q + y + 20. Let z = q + 52. What is the highest common factor of 10 and z?
5
Suppose 8*l = 6*l + 186. Let w(v) = v**2 + 3*v - 9. Let g be w(-8). Calculate the highest common divisor of l and g.
31
Let t = -69 + 77. Calculate the highest common factor of 16 and t.
8
Suppose -5 = -2*y + 5*s + 22, -5*s - 24 = y. Suppose 0 = 2*u + y - 9. What is the greatest common factor of 6 and u?
2
Let d(p) = p**3 + 6*p**2 + 2*p + 9. Let y be d(-6). Let x(q) = 3*q**2 - 3*q - 1. Let j be x(y). Calculate the highest common factor of j and 5.
5
Let j = -9 - -17. Suppose j*q + 4*t = 3*q + 429, -4*q - t = -341. What is the greatest common divisor of 17 and q?
17
Suppose 0 = 38*q - 26*q - 48. Suppose 2*f = f - 2. Let n be (-1)/2*f*1. What is the highest common factor of n and q?
1
Suppose -3*b + 3 = 6. Let k = 5 + b. Suppose 815 = k*h + 287. Calculate the highest common divisor of h and 12.
12
Suppose 0 = 12*u - 10*u + 2. Suppose 10*f = 5*f - 15. Let w = u - f. Calculate the greatest common divisor of w and 6.
2
Let w be (-2)/19 + (-78)/(-19). Calculate the greatest common factor of w and 52.
4
Suppose -57 + 147 = 3*t. Calculate the greatest common factor of t and 210.
30
Let o(v) = -v - 3. Let a be o(-6). Suppose -8 = -2*i + 4*i. Let q = a - i. What is the highest common divisor of q and 56?
7
Let q(f) = 22*f**2 - 2*f - 1. Let r be q(-1). Suppose 5*s = 67 + r. Let v(h) = -h**2 - 6*h + 6. Let m be v(-6). What is the highest common factor of m and s?
6
Let o(c) = 2*c**2 - 7*c + 6. Let v be o(4). Suppose -80 = -6*f + 2*f. Suppose 0 = -3*p + 7*p - f. Calculate the highest common factor of v and p.
5
Let z(l) = 6 - 10*l + 3 - 4. Let q be z(-7). What is the greatest common divisor of 15 and q?
15
Let l(q) = 131*q**3 + 2*q - 1. Let d be l(1). Calculate the highest common divisor of 12 and d.
12
Let p = 7 - -4. Suppose -3*h + 19 = 4, 5*l - 3*h = -5. Let x be (56 + -1)*l/2. Calculate the greatest common factor of x and p.
11
Suppose 3*s = -3*t + 4*t - 43, -2*s = 10. What is the greatest common factor of t and 140?
28
Let a = -24 - -49. Suppose 2*j + 0*j + 2*x = 2, 3*x = -15. Suppose -l + j = -69. What is the highest common divisor of a and l?
25
Let r(q) = 5*q. Let d be r(2). Let i be ((-58)/d - -1)*-5. What is the highest common divisor of 12 and i?
12
Suppose -c + 10 = 4*c. Suppose 0 = -c*r + 6*r - 8. Suppose 2*j = r*s + 5*j - 87, 5*s = -4*j + 200. What is the greatest common factor of s and 12?
12
Suppose 2*h = -10, -4*o + 130 = o - 2*h. Let d be 0 - (-18)/(3 - 1). Suppose -3*q = -0*q - d. What is the greatest common factor of o and q?
3
Suppose 5*k + 5*i - 545 = 0, 7 = i + 3. Let j(y) = -y - 2. Let q be j(-6). Suppose q = -3*t + 67. What is the greatest common factor of k and t?
21
Let x = -15 + 22. Suppose 5*s = 3*r + 157, x*r = 5*s + 3*r - 161. Calculate the greatest common factor of 29 and s.
29
Suppose 23*a - 25*a + 220 = 0. What is the highest common factor of 22 and a?
22
Suppose 5*r = 3*g + 143, g = -4*r - 12 + 123. Let j be (-24)/4*2/(-3). Suppose y - 118 = -4*x + 55, 20 = j*y. What is the highest common factor of r and x?
14
Suppose 0 = -y + 5*n - 7, -2*y = -5*n + 2 + 2. Suppose 0 = -y*d + 4*d - 13. Calculate the highest common divisor of d and 65.
13
Let d(p) = p**3 - 17*p**2 + 17*p - 4. Let v be d(16). Calculate the greatest common divisor of v and 96.
12
Let b be (-93)/(-9) - 3/9. Suppose 2*c - b = -3*c. Let i be 21/c*(-4)/(-3). What is the greatest common factor of i and 21?
7
Let t = 16 - 1. Let q(d) = d + 1 - 2 - 1. Let a be q(7). What is the highest common divisor of a and t?
5
Let r be 2*(0 - (-3 - (-60)/(-8))). What is the highest common divisor of 147 and r?
21
Let a = 81 - 45. Calculate the greatest common divisor of a and 12.
12
Let c = -63 + 139. Calculate the highest common factor of 190 and c.
38
Let w be (216/(-10))/(-4 - 259/(-70)). Calculate the highest common factor of 8 and w.
8
Suppose -m = 3, -5*n + m = 4*m - 6. Let s be ((-72)/28)/(3/(-14)). Calculate the highest common divisor of s and n.
3
Suppose 5 = 2*f - 5. Suppose -f*l = -3*l - 5*q - 53, 2*l - 3*q = 43. What is the highest common divisor of 14 and l?
14
Let d(u) = -u + 4. Let a be d(0). Suppose 0 = -3*h - j - 13 + 50, 2*h - 5*j - 19 = 0. What is the greatest common divisor of a and h?
4
Let t = 333 - 153. What is the greatest common divisor of 20 and t?
20
Suppose 0*w + 2*w - 2 = 0. Let f be 153*(2 + w + -2). What is the greatest common divisor of 17 and f?
17
Let l(p) = -p**3 - 4*p**2 + 4*p - 24. Let m be l(-6). Calculate the highest common divisor of 30 and m.
6
Let o be 67*1 + (-18)/9. Calculate the highest common factor of o and 26.
13
Suppose -a = 63 - 82. Let j = 65 + -8. What is the highest common divisor of a and j?
19
Let y = -1 + 5. What is the greatest common divisor of y and 44?
4
Suppose 0 = 4*a - 4*j - 1012, -j + 1012 = a + 3*a. Suppose -i - 3*u + 59 = 0, 4*i + u = -i + a. What is the greatest common divisor of 10 and i?
10
Suppose 45 = 2*f + f. Let u be (f/(-4))/(1/(-4)). Suppose -35 - u = -5*r. Calculate the highest common divisor of 5 and r.
5
Let w(y) = y + 6. Let a be w(-5). Calculate the greatest common factor of 2 and a.
1
Suppose 110 = 5*b - 0*b. What is the greatest common factor of b and 198?
22
Let y(d) = -5*d**2 - 2*d - 1 + d**3 - d - 4*d. Let h be y(7). Calculate the highest common factor of 12 and h.
12
Let n(q) = 5*q - 10. Let x be n(7). What is the greatest common factor of x and 25?
25
Let i = 20 - 15. Suppose s = 2, -3*s - 2 - 32 = -i*z. Calculate the greatest common divisor of 4 and z.
4
Suppose 0 = g - 2*g + 79. Let v be -32 + 2 - (0 + 0). Let w = g + v. What is the greatest common divisor of w and 7?
7
Let y(v) = 10*v + 35. Let x be y(9). Calculate the highest common factor of 50 and 